{"id":346,"date":"2014-12-03T15:07:15","date_gmt":"2014-12-03T13:07:15","guid":{"rendered":"http:\/\/ingineriemedicala.com\/?page_id=346"},"modified":"2014-12-03T15:07:15","modified_gmt":"2014-12-03T13:07:15","slug":"psihologie","status":"publish","type":"page","link":"http:\/\/clienti.prolifeclinics.ro\/index.php\/psihologie\/","title":{"rendered":"Psihologie"},"content":{"rendered":"<h3 align=\"center\"><span class=\"ws16\" style=\"color: #008000; font-family: Courier;\">Psihologie<\/span><\/h3>\n<h3 align=\"center\"><span class=\"ws12\" style=\"font-family: Courier;\">Psiholog Apostol Manuela<\/span><\/h3>\n<div style=\"text-align: left;\" align=\"center\">\n<h3><\/h3>\n<div><\/div>\n<div>\n<div><span class=\"ws14\" style=\"color: #008000; font-family: 'Microsoft Sans Serif';\"><b>Servicii:<\/b><\/span><\/div>\n<div><\/div>\n<ul>\n<li><span class=\"ws12\" style=\"font-family: 'Microsoft Sans Serif';\"><b>Consiliere psihologica<\/b><\/span><\/li>\n<li><strong>\u00a0Evaluare psihologica<\/strong><\/li>\n<li><strong>\u00a0Intocmire raport psihologic<\/strong><\/li>\n<\/ul>\n<div><\/div>\n<div><span class=\"ws14\" style=\"color: #008000; font-family: 'Microsoft Sans Serif';\"><b>Descriere servicii:<\/b><\/span><\/div>\n<div>\n<p>Psihologia este stiinta care se ocupa cu fenomenele si capacitatile psihice, urmarind descrierea si explicarea acestora \u00een baza descoperirii unui ansamblu de legi, regularitati sau modalitati determinative. Serviciile psihologice sunt destinate persoanelor aflate \u00een dificultate (adulti, copii, adolescenti ) si acelora care simt nevoia de a-si evalua si schimba propria existenta si functionarea \u00een mediul de viata. \u00cen acest scop, sunt utilizate tehnici specifice de explorare a personalitatii, comportamentului si inteligentei \u00a0si psihoterapia ca metoda de interventie directa. Psihoterapia ne ajuta sa descoperim noi perspective c\u00e2nd trecem printr-un impas existential sau c\u00e2nd ne dorim sa ne \u00eembunatatim bunastarea psihologica. Consilierea psihologica nu se confunda si nu se substituie tratamentului medical, ci ofera fiintei umane explorarea, \u00eempreuna cu terapeutul, a propriei identitati, \u00een vederea redescoperirii de sine si \u00a0autoevaluarii resurselor compensatorii.<\/p>\n<\/div>\n<\/div>\n<\/div>\n","protected":false},"excerpt":{"rendered":"<p>Psihologie Psiholog Apostol Manuela Servicii: Consiliere psihologica \u00a0Evaluare psihologica \u00a0Intocmire raport psihologic Descriere servicii: Psihologia este stiinta care se ocupa cu fenomenele si capacitatile psihice, urmarind descrierea si explicarea acestora \u00een baza descoperirii unui ansamblu de legi, regularitati sau modalitati determinative. Serviciile psihologice sunt destinate persoanelor aflate \u00een dificultate (adulti, copii, adolescenti ) si acelora [&hellip;]<\/p>\n","protected":false},"author":1,"featured_media":0,"parent":0,"menu_order":0,"comment_status":"closed","ping_status":"closed","template":"","meta":{"footnotes":""},"_links":{"self":[{"href":"http:\/\/clienti.prolifeclinics.ro\/index.php\/wp-json\/wp\/v2\/pages\/346"}],"collection":[{"href":"http:\/\/clienti.prolifeclinics.ro\/index.php\/wp-json\/wp\/v2\/pages"}],"about":[{"href":"http:\/\/clienti.prolifeclinics.ro\/index.php\/wp-json\/wp\/v2\/types\/page"}],"author":[{"embeddable":true,"href":"http:\/\/clienti.prolifeclinics.ro\/index.php\/wp-json\/wp\/v2\/users\/1"}],"replies":[{"embeddable":true,"href":"http:\/\/clienti.prolifeclinics.ro\/index.php\/wp-json\/wp\/v2\/comments?post=346"}],"version-history":[{"count":0,"href":"http:\/\/clienti.prolifeclinics.ro\/index.php\/wp-json\/wp\/v2\/pages\/346\/revisions"}],"wp:attachment":[{"href":"http:\/\/clienti.prolifeclinics.ro\/index.php\/wp-json\/wp\/v2\/media?parent=346"}],"curies":[{"name":"wp","href":"https:\/\/api.w.org\/{rel}","templated":true}]}}