{"id":638,"date":"2014-12-01T19:04:24","date_gmt":"2014-12-01T17:04:24","guid":{"rendered":"http:\/\/test.prolifeclinics.ro\/?page_id=17"},"modified":"2014-12-01T19:04:24","modified_gmt":"2014-12-01T17:04:24","slug":"despre","status":"publish","type":"page","link":"https:\/\/clienti.prolifeclinics.ro\/index.php\/despre\/","title":{"rendered":""},"content":{"rendered":"<div id=\"text40\">\n<div class=\"wpmd\">\n<h3 style=\"text-align: center;\"><span style=\"font-family: georgia, palatino, serif; color: #008000;\"><strong>Certificare ANMCS<\/strong><\/span><\/h3>\n<h3 style=\"text-align: center;\"><\/h3>\n<div class=\"page\" title=\"Page 1\">\n<div class=\"layoutArea\">\n<div class=\"column\">\n<p>Conform anexei 1 la Ordinul Pre\u0219edintelui ANMCS nr.115\/23.05.2017 &#8211; Planul Multianual pentru Ciclul II de Acreditare.<\/p>\n<\/div>\n<\/div>\n<\/div>\n<h3 style=\"text-align: center;\"><\/h3>\n<h3 style=\"text-align: center;\"><span style=\"font-family: georgia, palatino, serif; color: #008000;\"><strong>Innovation in Health<\/strong><\/span><\/h3>\n<\/div>\n<div class=\"wpmd\"><span style=\"font-family: georgia, palatino, serif;\"><strong>Inova\u0163ia<\/strong>\u00a0nu ar fi posibil\u0103 f\u0103r\u0103 oameni extraordinari \u015fi f\u0103r\u0103 eforturile acestora de a\u00a0face ca lucrurile s\u0103 se \u00eentample.\u00a0Acesta este motivul pentru care alegem s\u0103 le mul\u0163umim \u015fi totodat\u0103 s\u0103 \u00eei premiem pe cei care pun pasiune, ambi\u0163ie, timp \u015fi dedicare proiectelor inovatoare \u00een sistemul sanitar \u0219i veterinar, menite s\u0103 ofere servicii \u015fi solu\u0163ii la cel mai \u00eenalt nivel pentru cre\u015fterea actului medical \u015fi a calit\u0103\u0163ii vie\u0163ii. La Gala Innovation in Health Awards 2016\u00a0au confirmat prezenta peste 200 de personalitati (profesori, academicieni, cadre medicale, farmaceutice si veterinare, manageri de companii publice si private, reprezentanti ai institutiilor financiare, autoritati si persoane care si-au adus aportul la dezvoltarea domeniului sanitar si veterinar din Romania etc.\u00a0<\/span><\/div>\n<div class=\"wpmd\"><\/div>\n<div class=\"wpmd\" style=\"text-align: center;\">http:\/\/innovationinhealth.ro<\/div>\n<div class=\"wpmd\"><\/div>\n<div class=\"wpmd\"><a href=\"http:\/\/prolifeclinics.ro\/wp-content\/uploads\/2014\/12\/20170529_165404.jpg\"><img loading=\"lazy\" decoding=\"async\" class=\" size-medium wp-image-4489 aligncenter\" src=\"http:\/\/prolifeclinics.ro\/wp-content\/uploads\/2014\/12\/20170529_165404-225x300.jpg\" alt=\"20170529_165404\" width=\"225\" height=\"300\" \/><\/a><\/p>\n<h3 style=\"text-align: center;\"><span style=\"font-family: georgia, palatino, serif; color: #008000;\"><strong>Entrepreneur Of The Year<\/strong><strong>&#x2122;<\/strong>\u00a0 \u00a0<\/span><\/h3>\n<p>Programul\u00a0<strong>Entrepreneur Of The Year<\/strong><strong>&#x2122;<\/strong>, singura competi\u0163ie antreprenorial\u0103 global\u0103, are loc \u00eencep\u00e2nd cu anul 2014\u00a0\u015fi \u00een Rom\u00e2nia.<\/p>\n<div>\n<p>Prin organizarea competi\u021biei \u00een Rom\u00e2nia\u00a0recunoa\u0219tem meritele remarcabile ale antreprenorilor rom\u00e2ni, aducem laolalt\u0103 pove\u0219ti de succes \u0219i apropiem membrii acestei comunit\u0103\u021bi care schimb\u0103 Rom\u00e2nia.\u00a0Comunitatea antreprenorilor care au concurat \u00een primele dou\u0103 edi\u021bii ale competi\u021biei num\u0103r\u0103 ast\u0103zi 88 de membri.<\/p>\n<p>Suntem \u00een c\u0103utarea\u00a0oamenilor care inspir\u0103 prin viziunea, leadershipul \u015fi realiz\u0103rile lor.\u00a0Intr\u0103 \u00een competi\u021bie!<\/p>\n<p style=\"text-align: center;\">https:\/\/www.eyromania.ro\/eoty-2016<\/p>\n<\/div>\n<p><a href=\"http:\/\/prolifeclinics.ro\/wp-content\/uploads\/2014\/12\/img-529164305-0001.jpg\"><img loading=\"lazy\" decoding=\"async\" class=\" size-medium wp-image-4487 aligncenter\" src=\"http:\/\/prolifeclinics.ro\/wp-content\/uploads\/2014\/12\/img-529164305-0001-300x208.jpg\" alt=\"img-529164305-0001\" width=\"300\" height=\"208\" \/><\/a><\/p>\n<div><\/div>\n<h3 style=\"text-align: center;\"><span style=\"color: #008000; font-size: 16pt; font-family: georgia, palatino, serif;\"><strong>Swimathon<\/strong><\/span><\/h3>\n\n<p><span style=\"color: #008000;\">Organizatie:<\/span><\/p>\n<p>Asociatia Pro Life<\/p>\n<p><span style=\"color: #008000;\">Nevoia\u00a0careia ii raspunde proiectul:<\/span><\/p>\n<p>Copiii cu handicap neuromotor au nevoie de noi! Sta in puterea noastra sa strangem fonduri necesare achizitionarii materialelor speciale pentru terapie. Ne dorim sa ne unim fortele pentru a face posibila realizarea unui vis al unor copii deosebiti, dar cu nevoi speciale prin crearea unui loc de joaca.<\/p>\n<p><span style=\"color: #008000;\">Scopul\u00a0si obiectivele proiectului:<\/span><\/p>\n<p>Dotarea unui loc de joaca ce reuseste sa creeze prin sunete, senzatii si imagini un mediu de comunicare pentru copii.<\/p>\n<h5 style=\"text-align: center;\"><a href=\"http:\/\/www.swimathon.fundatiacomunitaraiasi.ro\">http:\/\/www.swimathon.fundatiacomunitaraiasi.ro<\/a><\/h5>\n<p style=\"text-align: center;\"><span style=\"font-size: 16pt; font-family: georgia, palatino, serif; color: #008000;\"><strong>Primul ajutor in caz de lesin<\/strong><\/span><\/p>\n<p style=\"text-align: center;\"><strong>Lectie de prim-ajutor oferita de Departamentul pentru Situatii de Urgenta.<\/strong><\/p>\n<p style=\"text-align: center;\">Sursa:\u00a0<a href=\"http:\/\/www.mai.gov.ro\/\">www.mai.gov.ro\/<\/a><\/p>\n<p style=\"text-align: center;\"><span style=\"font-family: georgia, palatino, serif;\"><span style=\"color: #008000;\"><span style=\"font-size: 19px;\"><b>Ziua Mondiala a Diabetului\u00a0<\/b><\/span><\/span><\/span><\/p>\n<p style=\"text-align: center;\"><span style=\"font-family: georgia, palatino, serif;\"><span style=\"color: #008000;\"><span style=\"font-size: 19px;\"><b>Raducaneni &#8211; 14 noiembrie 2015<\/b><\/span><\/span><\/span><\/p>\n<p style=\"text-align: left;\">Ziua Mondial\u0103 a Diabetului are loc \u00een fiecare an \u00een data de 14 noiembrie, la ini\u0163iativa Federa\u0163iei Interna\u0163ionale de Diabet (IDF), cu sprijinul Organiza\u0163iei Mondiale a S\u0103n\u0103t\u0103\u0163ii. Aceast\u0103 zi este marcat\u0103 la nivel interna\u0163ional de c\u0103tre toate asocia\u0163iile membre ale IDF, de furnizorii de servicii de s\u0103n\u0103tate, c\u00e2t \u015fi de persoanele afectate de diabet, fiind cea mai mare campanie mondial\u0103 de informare asupra diabetului.<\/p>\n<h2 align=\"center\"><span style=\"color: #008000; font-family: georgia, palatino, serif;\"><strong>Pro Life Clinics<\/strong><\/span><\/h2>\n<p><span style=\"color: #008000; font-family: georgia, palatino, serif;\"><span class=\"ws14\">\u00a0 \u00a0 \u00a0 \u00a0 <span style=\"color: #000000;\">\u00a0 Policlinica\u00a0<\/span><\/span><span style=\"color: #000000;\"><span class=\"ws14\"><b>Pro Life Clinics<\/b><\/span><span class=\"ws14\">\u00a0s-a infiintat in februarie 2009, avand ca obiect de activitate prestarea de servicii medicale de specialitate cu sediul in Iasi, str. Anastasie Panu, nr. 28-40, demisol, sub BRD central (langa Hala Centrala) puncte de lucru in Raducaneni\u00a0si punct de lucru in cadrul Penitenciarului Iasi, str. Dr. Vicol, nr. 10.<\/span><\/span><\/span><\/p>\n<p><span style=\"color: #000000; font-family: georgia, palatino, serif;\">Servicii:<\/span><\/p>\n<p><span style=\"color: #000000; font-family: georgia, palatino, serif;\"><a href=\"http:\/\/prolifeclinics.ro\/wp-content\/uploads\/2014\/12\/Medical-Health-Vector-Icons_2.jpg\"><img loading=\"lazy\" decoding=\"async\" class=\"alignnone  wp-image-4257\" src=\"http:\/\/prolifeclinics.ro\/wp-content\/uploads\/2014\/12\/Medical-Health-Vector-Icons_2.jpg\" alt=\"Medical-Health-Vector-Icons_2\" width=\"21\" height=\"25\" \/><\/a>\u00a0Ambulatoriu clinic de specialitate<\/span><\/p>\n<p><span style=\"color: #000000; font-family: georgia, palatino, serif;\"><a href=\"http:\/\/prolifeclinics.ro\/wp-content\/uploads\/2014\/12\/Medical-Health-Vector-Icons_2.jpg\"><img loading=\"lazy\" decoding=\"async\" class=\"alignnone  wp-image-4257\" src=\"http:\/\/prolifeclinics.ro\/wp-content\/uploads\/2014\/12\/Medical-Health-Vector-Icons_2.jpg\" alt=\"Medical-Health-Vector-Icons_2\" width=\"21\" height=\"25\" \/><\/a>\u00a0Spitalizare de zi<\/span><\/p>\n<p><span style=\"color: #000000; font-family: georgia, palatino, serif;\"><a href=\"http:\/\/prolifeclinics.ro\/wp-content\/uploads\/2014\/12\/Medical-Health-Vector-Icons_2.jpg\"><img loading=\"lazy\" decoding=\"async\" class=\"alignnone  wp-image-4257\" src=\"http:\/\/prolifeclinics.ro\/wp-content\/uploads\/2014\/12\/Medical-Health-Vector-Icons_2.jpg\" alt=\"Medical-Health-Vector-Icons_2\" width=\"21\" height=\"25\" \/><\/a>\u00a0Fise medicale\u00a0pentru permise auto<\/span><\/p>\n<p style=\"padding-left: 120px;\"><span style=\"color: #000000; font-family: georgia, palatino, serif;\">\u00a0 \u00a0 \u00a0 \u00a0 <\/span><\/p>\n<\/div>\n<\/div>\n","protected":false},"excerpt":{"rendered":"<p>Certificare ANMCS Conform anexei 1 la Ordinul Pre\u0219edintelui ANMCS nr.115\/23.05.2017 &#8211; Planul Multianual pentru Ciclul II de Acreditare. Innovation in Health Inova\u0163ia\u00a0nu ar fi posibil\u0103 f\u0103r\u0103 oameni extraordinari \u015fi f\u0103r\u0103 eforturile acestora de a\u00a0face ca lucrurile s\u0103 se \u00eentample.\u00a0Acesta este motivul pentru care alegem s\u0103 le mul\u0163umim \u015fi totodat\u0103 s\u0103 \u00eei premiem pe cei care [&hellip;]<\/p>\n","protected":false},"author":1,"featured_media":0,"parent":0,"menu_order":0,"comment_status":"closed","ping_status":"closed","template":"","meta":{"footnotes":""},"_links":{"self":[{"href":"https:\/\/clienti.prolifeclinics.ro\/index.php\/wp-json\/wp\/v2\/pages\/638"}],"collection":[{"href":"https:\/\/clienti.prolifeclinics.ro\/index.php\/wp-json\/wp\/v2\/pages"}],"about":[{"href":"https:\/\/clienti.prolifeclinics.ro\/index.php\/wp-json\/wp\/v2\/types\/page"}],"author":[{"embeddable":true,"href":"https:\/\/clienti.prolifeclinics.ro\/index.php\/wp-json\/wp\/v2\/users\/1"}],"replies":[{"embeddable":true,"href":"https:\/\/clienti.prolifeclinics.ro\/index.php\/wp-json\/wp\/v2\/comments?post=638"}],"version-history":[{"count":0,"href":"https:\/\/clienti.prolifeclinics.ro\/index.php\/wp-json\/wp\/v2\/pages\/638\/revisions"}],"wp:attachment":[{"href":"https:\/\/clienti.prolifeclinics.ro\/index.php\/wp-json\/wp\/v2\/media?parent=638"}],"curies":[{"name":"wp","href":"https:\/\/api.w.org\/{rel}","templated":true}]}}

<div id="text40">
<div class="wpmd">
<h3 style="text-align: center;"><span style="font-family: georgia, palatino, serif; color: #008000;"><strong>Certificare ANMCS</strong></span></h3>
<h3 style="text-align: center;"></h3>
<div class="page" title="Page 1">
<div class="layoutArea">
<div class="column">
<p>Conform anexei 1 la Ordinul Președintelui ANMCS nr.115/23.05.2017 &#8211; Planul Multianual pentru Ciclul II de Acreditare.</p>
</div>
</div>
</div>
<h3 style="text-align: center;"></h3>
<h3 style="text-align: center;"><span style="font-family: georgia, palatino, serif; color: #008000;"><strong>Innovation in Health</strong></span></h3>
</div>
<div class="wpmd"><span style="font-family: georgia, palatino, serif;"><strong>Inovaţia</strong> nu ar fi posibilă fără oameni extraordinari şi fără eforturile acestora de a face ca lucrurile să se întample. Acesta este motivul pentru care alegem să le mulţumim şi totodată să îi premiem pe cei care pun pasiune, ambiţie, timp şi dedicare proiectelor inovatoare în sistemul sanitar și veterinar, menite să ofere servicii şi soluţii la cel mai înalt nivel pentru creşterea actului medical şi a calităţii vieţii. La Gala Innovation in Health Awards 2016 au confirmat prezenta peste 200 de personalitati (profesori, academicieni, cadre medicale, farmaceutice si veterinare, manageri de companii publice si private, reprezentanti ai institutiilor financiare, autoritati si persoane care si-au adus aportul la dezvoltarea domeniului sanitar si veterinar din Romania etc. </span></div>
<div class="wpmd"></div>
<div class="wpmd" style="text-align: center;">http://innovationinhealth.ro</div>
<div class="wpmd"></div>
<div class="wpmd"><a href="http://prolifeclinics.ro/wp-content/uploads/2014/12/20170529_165404.jpg"><img loading="lazy" decoding="async" class=" size-medium wp-image-4489 aligncenter" src="http://prolifeclinics.ro/wp-content/uploads/2014/12/20170529_165404-225x300.jpg" alt="20170529_165404" width="225" height="300" /></a></p>
<h3 style="text-align: center;"><span style="font-family: georgia, palatino, serif; color: #008000;"><strong>Entrepreneur Of The Year</strong><strong>&#x2122;</strong>   </span></h3>
<p>Programul <strong>Entrepreneur Of The Year</strong><strong>&#x2122;</strong>, singura competiţie antreprenorială globală, are loc începând cu anul 2014 şi în România.</p>
<div>
<p>Prin organizarea competiției în România recunoaștem meritele remarcabile ale antreprenorilor români, aducem laolaltă povești de succes și apropiem membrii acestei comunități care schimbă România. Comunitatea antreprenorilor care au concurat în primele două ediții ale competiției numără astăzi 88 de membri.</p>
<p>Suntem în căutarea oamenilor care inspiră prin viziunea, leadershipul şi realizările lor. Intră în competiție!</p>
<p style="text-align: center;">https://www.eyromania.ro/eoty-2016</p>
</div>
<p><a href="http://prolifeclinics.ro/wp-content/uploads/2014/12/img-529164305-0001.jpg"><img loading="lazy" decoding="async" class=" size-medium wp-image-4487 aligncenter" src="http://prolifeclinics.ro/wp-content/uploads/2014/12/img-529164305-0001-300x208.jpg" alt="img-529164305-0001" width="300" height="208" /></a></p>
<div></div>
<h3 style="text-align: center;"><span style="color: #008000; font-size: 16pt; font-family: georgia, palatino, serif;"><strong>Swimathon</strong></span></h3>

<p><span style="color: #008000;">Organizatie:</span></p>
<p>Asociatia Pro Life</p>
<p><span style="color: #008000;">Nevoia careia ii raspunde proiectul:</span></p>
<p>Copiii cu handicap neuromotor au nevoie de noi! Sta in puterea noastra sa strangem fonduri necesare achizitionarii materialelor speciale pentru terapie. Ne dorim sa ne unim fortele pentru a face posibila realizarea unui vis al unor copii deosebiti, dar cu nevoi speciale prin crearea unui loc de joaca.</p>
<p><span style="color: #008000;">Scopul si obiectivele proiectului:</span></p>
<p>Dotarea unui loc de joaca ce reuseste sa creeze prin sunete, senzatii si imagini un mediu de comunicare pentru copii.</p>
<h5 style="text-align: center;"><a href="http://www.swimathon.fundatiacomunitaraiasi.ro">http://www.swimathon.fundatiacomunitaraiasi.ro</a></h5>
<p style="text-align: center;"><span style="font-size: 16pt; font-family: georgia, palatino, serif; color: #008000;"><strong>Primul ajutor in caz de lesin</strong></span></p>
<p style="text-align: center;"><strong>Lectie de prim-ajutor oferita de Departamentul pentru Situatii de Urgenta.</strong></p>
<p style="text-align: center;">Sursa: <a href="http://www.mai.gov.ro/">www.mai.gov.ro/</a></p>
<p style="text-align: center;"><span style="font-family: georgia, palatino, serif;"><span style="color: #008000;"><span style="font-size: 19px;"><b>Ziua Mondiala a Diabetului </b></span></span></span></p>
<p style="text-align: center;"><span style="font-family: georgia, palatino, serif;"><span style="color: #008000;"><span style="font-size: 19px;"><b>Raducaneni &#8211; 14 noiembrie 2015</b></span></span></span></p>
<p style="text-align: left;">Ziua Mondială a Diabetului are loc în fiecare an în data de 14 noiembrie, la iniţiativa Federaţiei Internaţionale de Diabet (IDF), cu sprijinul Organizaţiei Mondiale a Sănătăţii. Această zi este marcată la nivel internaţional de către toate asociaţiile membre ale IDF, de furnizorii de servicii de sănătate, cât şi de persoanele afectate de diabet, fiind cea mai mare campanie mondială de informare asupra diabetului.</p>
<h2 align="center"><span style="color: #008000; font-family: georgia, palatino, serif;"><strong>Pro Life Clinics</strong></span></h2>
<p><span style="color: #008000; font-family: georgia, palatino, serif;"><span class="ws14">        <span style="color: #000000;">  Policlinica </span></span><span style="color: #000000;"><span class="ws14"><b>Pro Life Clinics</b></span><span class="ws14"> s-a infiintat in februarie 2009, avand ca obiect de activitate prestarea de servicii medicale de specialitate cu sediul in Iasi, str. Anastasie Panu, nr. 28-40, demisol, sub BRD central (langa Hala Centrala) puncte de lucru in Raducaneni si punct de lucru in cadrul Penitenciarului Iasi, str. Dr. Vicol, nr. 10.</span></span></span></p>
<p><span style="color: #000000; font-family: georgia, palatino, serif;">Servicii:</span></p>
<p><span style="color: #000000; font-family: georgia, palatino, serif;"><a href="http://prolifeclinics.ro/wp-content/uploads/2014/12/Medical-Health-Vector-Icons_2.jpg"><img loading="lazy" decoding="async" class="alignnone  wp-image-4257" src="http://prolifeclinics.ro/wp-content/uploads/2014/12/Medical-Health-Vector-Icons_2.jpg" alt="Medical-Health-Vector-Icons_2" width="21" height="25" /></a> Ambulatoriu clinic de specialitate</span></p>
<p><span style="color: #000000; font-family: georgia, palatino, serif;"><a href="http://prolifeclinics.ro/wp-content/uploads/2014/12/Medical-Health-Vector-Icons_2.jpg"><img loading="lazy" decoding="async" class="alignnone  wp-image-4257" src="http://prolifeclinics.ro/wp-content/uploads/2014/12/Medical-Health-Vector-Icons_2.jpg" alt="Medical-Health-Vector-Icons_2" width="21" height="25" /></a> Spitalizare de zi</span></p>
<p><span style="color: #000000; font-family: georgia, palatino, serif;"><a href="http://prolifeclinics.ro/wp-content/uploads/2014/12/Medical-Health-Vector-Icons_2.jpg"><img loading="lazy" decoding="async" class="alignnone  wp-image-4257" src="http://prolifeclinics.ro/wp-content/uploads/2014/12/Medical-Health-Vector-Icons_2.jpg" alt="Medical-Health-Vector-Icons_2" width="21" height="25" /></a> Fise medicale pentru permise auto</span></p>
<p style="padding-left: 120px;"><span style="color: #000000; font-family: georgia, palatino, serif;">        </span></p>
</div>
</div>

<p>Certificare ANMCS Conform anexei 1 la Ordinul Președintelui ANMCS nr.115/23.05.2017 &#8211; Planul Multianual pentru Ciclul II de Acreditare. Innovation in Health Inovaţia nu ar fi posibilă fără oameni extraordinari şi fără eforturile acestora de a face ca lucrurile să se întample. Acesta este motivul pentru care alegem să le mulţumim şi totodată să îi premiem pe cei care [&hellip;]</p>
